when 4510 is divided by 15?
10
Calculate the remainder when 266 is divided by 24.
2
Calculate the remainder when 124 is divided by 35.
19
What is the remainder when 2387 is divided by 2386?
1
Calculate the remainder when 56 is divided by 12.
8
What is the remainder when 32 is divided by 11?
10
What is the remainder when 261 is divided by 33?
30
What is the remainder when 8204 is divided by 15?
14
What is the remainder when 2590 is divided by 108?
106
What is the remainder when 446 is divided by 90?
86
What is the remainder when 83 is divided by 61?
22
What is the remainder when 956 is divided by 160?
156
What is the remainder when 560 is divided by 43?
1
What is the remainder when 97 is divided by 39?
19
What is the remainder when 44 is divided by 12?
8
Calculate the remainder when 2465 is divided by 143.
34
Calculate the remainder when 261 is divided by 66.
63
Calculate the remainder when 573 is divided by 29.
22
What is the remainder when 695 is divided by 24?
23
What is the remainder when 107 is divided by 28?
23
Calculate the remainder when 84 is divided by 7.
0
What is the remainder when 299 is divided by 146?
7
Calculate the remainder when 295 is divided by 33.
31
Calculate the remainder when 1987 is divided by 17.
15
Calculate the remainder when 164 is divided by 29.
19
Calculate the remainder when 1679 is divided by 60.
59
Calculate the remainder when 626 is divided by 105.
101
What is the remainder when 345 is divided by 82?
17
Calculate the remainder when 433 is divided by 195.
43
Calculate the remainder when 957 is divided by 264.
165
Calculate the remainder when 95 is divided by 20.
15
Calculate the remainder when 42 is divided by 17.
8
What is the remainder when 347 is divided by 48?
11
What is the remainder when 665 is divided by 125?
40
What is the remainder when 372 is divided by 173?
26
Calculate the remainder when 1089 is divided by 278.
255
What is the remainder when 687 is divided by 74?
21
Calculate the remainder when 2253 is divided by 55.
53
Calculate the remainder when 130 is divided by 30.
10
What is the remainder when 370 is divided by 77?
62
Calculate the remainder when 365 is divided by 140.
85
Calculate the remainder when 1335 is divided by 102.
9
Calculate the remainder when 120 is divided by 16.
8
What is the remainder when 1173 is divided by 3?
0
Calculate the remainder when 142 is divided by 13.
12
Calculate the remainder when 4057 is divided by 193.
4
Calculate the remainder when 92 is divided by 19.
16
What is the remainder when 529 is divided by 49?
39
Calculate the remainder when 51 is divided by 14.
9
What is the remainder when 776 is divided by 96?
8
What is the remainder when 19 is divided by 6?
1
Calculate the remainder when 1499 is divided by 1495.
4
What is the remainder when 4304 is divided by 83?
71
Calculate the remainder when 116 is divided by 25.
16
Calculate the remainder when 527 is divided by 105.
2
What is the remainder when 122 is divided by 56?
10
What is the remainder when 102 is divided by 40?
22
Calculate the remainder when 362 is divided by 52.
50
Calculate the remainder when 3068 is divided by 32.
28
Calculate the remainder when 242 is divided by 49.
46
What is the remainder when 265 is divided by 89?
87
What is the remainder when 7077 is divided by 60?
57
What is the remainder when 277 is divided by 35?
32
Calculate the remainder when 821 is divided by 15.
11
Calculate the remainder when 393 is divided by 393.
0
What is the remainder when 20283 is divided by 207?
204
Calculate the remainder when 15199 is divided by 23.
19
What is the remainder when 816 is divided by 117?
114
What is the remainder when 132 is divided by 31?
8
What is the remainder when 44 is divided by 25?
19
What is the remainder when 150 is divided by 38?
36
Calculate the remainder when 163 is divided by 11.
9
Calculate the remainder when 280 is divided by 15.
10
What is the remainder when 164 is divided by 81?
2
What is the remainder when 333 is divided by 70?
53
What is the remainder when 446 is divided by 50?
46
Calculate the remainder when 2730 is divided by 16.
10
Calculate the remainder when 9742 is divided by 21.
19
What is the remainder when 2377 is divided by 41?
40
Calculate the remainder when 47 is divided by 7.
5
Calculate the remainder when 1872 is divided by 8.
0
Calculate the remainder when 1747 is divided by 50.
47
Calculate the remainder when 2825 is divided by 41.
37
What is the remainder when 410 is divided by 82?
0
What is the remainder when 569 is divided by 14?
9
What is the remainder when 3979 is divided by 10?
9
What is the remainder when 524 is divided by 134?
122
What is the remainder when 623 is divided by 21?
14
What is the remainder when 879 is divided by 124?
11
What is the remainder when 338 is divided by 57?
53
What is the remainder when 114 is divided by 33?
15
Calculate the remainder when 5668 is divided by 105.
103
Calculate the remainder when 97 is divided by 35.
27
Calculate the remainder when 629 is divided by 126.
125
Calculate the remainder when 156 is divided by 8.
4
What is the remainder when 2316 is divided by 331?
330
Calculate the remainder when 1059 is divided by 10.
9
What is the remainder when 177 is divided by 20?
17
What is the remainder when 414 is divided by 82?
4
What is the remainder when 20 is divided by 6?
2
Calculate the remainder when 196 is divided by 88.
20
Calculate the remainder when 348 is divided by 59.
53
What is the remainder when 123 is divided by 64?
59
Calculate the remainder when 215 is divided by 111.
104
Calculate the remainder when 1320 is divided by 78.
72
Calculate the remainder when 6110 is divided by 21.
20
Calculate the remainder when 899 is divided by 297.
8
What is the remainder when 2225 is divided by 1098?
29
What is the remainder when 3078 is divided by 259?
229
Calculate the remainder when 68 is divided by 36.
32
What is the remainder when 359 is divided by 61?
54
What is the remainder when 73 is divided by 34?
5
What is the remainder when 1139 is divided by 10?
9
Calculate the remainder when 141357 is divided by 76.
73
Calculate the remainder when 180 is divided by 62.
56
What is the remainder when 373 is divided by 54?
49
Calculate the remainder when 361 is divided by 7.
4
Calculate the remainder when 754 is divided by 286.
182
Calculate the remainder when 446 is divided by 21.
5
Calculate the remainder when 162 is divided by 158.
4
What is the remainder when 61 is divided by 28?
5
What is the remainder when 894 is divided by 56?
54
What is the remainder when 429 is divided by 410?
19
Calculate the remainder when 290 is divided by 53.
25
Calculate the remainder when 445 is divided by 32.
29
What is the remainder when 35 is divided by 11?
2
Calculate the remainder when 383 is divided by 77.
75
Calculate the remainder when 365 is divided by 198.
167
Calculate the remainder when 874 is divided by 217.
6
Calculate the remainder when 708 is divided by 36.
24
What is the remainder when 926 is divided by 15?
11
Calculate the remainder when 819 is divided by 75.
69
What is the remainder when 2714 is divided by 181?
180
What is the remainder when 427 is divided by 73?
62
Calculate the remainder when 509 is divided by 34.
33
What is the remainder when 249 is divided by 18?
15
What is the remainder when 1951 is divided by 17?
13
What is the remainder when 343 is divided by 43?
42
Calculate the remainder when 65 is divided by 34.
31
Calculate the remainder when 17 is divided by 2.
1
Calculate the remainder when 3168 is divided by 75.
18
What is the remainder when 78 is divided by 16?
14
What is the remainder when 4194 is divided by 17?
12
What is the remainder when 517 is divided by 113?
65
Calculate the remainder when 4733 is divided by 429.
14
Calculate the remainder when 293 is divided by 38.
27
Calculate the remainder when 117 is divided by 49.
19
What is the remainder when 2377 is divided by 58?
57
Calculate the remainder when 10085 is divided by 246.
245
Calculate the remainder when 303 is divided by 293.
10
What is the remainder when 597 is divided by 425?
172
What is the remainder when 3656 is divided by 10?
6
Calculate the remainder when 27025 is divided by 11.
9
Calculate the remainder when 575 is divided by 28.
15
Calculate the 